{"id":716,"date":"2019-02-05T09:14:55","date_gmt":"2019-02-05T08:14:55","guid":{"rendered":"http:\/\/opossum-compagnie.fr\/?page_id=716"},"modified":"2019-03-01T10:57:15","modified_gmt":"2019-03-01T09:57:15","slug":"lequipe","status":"publish","type":"page","link":"https:\/\/opossum-compagnie.fr\/index.php\/lequipe\/","title":{"rendered":"L&#8217;\u00e9quipe"},"content":{"rendered":"\n<h2 class=\"wp-block-heading\">L&#8217;\u00e9quipe&nbsp;<\/h2>\n\n\n\n<h5 class=\"wp-block-heading\"><br>M\u00e9lodie Pareau<\/h5>\n\n\n\n<figure class=\"wp-block-image\"><img loading=\"lazy\" decoding=\"async\" width=\"225\" height=\"300\" src=\"http:\/\/opossum-compagnie.fr\/wp-content\/uploads\/2019\/02\/LOgresse-Poilue-Web-05-225x300.jpg\" alt=\"\" class=\"wp-image-647\" srcset=\"https:\/\/opossum-compagnie.fr\/wp-content\/uploads\/2019\/02\/LOgresse-Poilue-Web-05-225x300.jpg 225w, https:\/\/opossum-compagnie.fr\/wp-content\/uploads\/2019\/02\/LOgresse-Poilue-Web-05-768x1024.jpg 768w\" sizes=\"(max-width: 225px) 100vw, 225px\" \/><\/figure>\n\n\n\n<p>Apr\u00e8s une \u00e9cole professionnelle de th\u00e9\u00e2tre musical ( <a href=\"http:\/\/www.figaroandco.fr\/crbst_15.html\">Figaro&amp;co<\/a>)\u00e0 la fin des ann\u00e9e 90, M\u00e9lodie prend go\u00fbt aussi bien au chant qu\u2019au jeu, passant du th\u00e9\u00e2tre contemporain (<a href=\"http:\/\/groupemerci.com\/groupe-merci\/breve-d-aventure\">groupe Merci<\/a>), avec des textes d\u2019auteurs, aux com\u00e9dies musicales. Elle s\u2019oriente ensuite vers le spectacle jeune public ( <a href=\"https:\/\/www.facebook.com\/lesptitesgrillees\">Les p\u2019tites grill\u00e9es<\/a>, <a href=\"https:\/\/www.arlequindesetoiles.com\/etc\">Arlequin des \u00e9toiles<\/a>\u2026) et place la question de la transmission au coeur de sa vie d\u2019artiste. Elle vit sa passion des mots \u00e0 travers des lectures ou des spectacles musicaux autour d\u2019auteurs et po\u00e8tes vivants, notamment avec <a href=\"http:\/\/loic-lantoine.wifeo.com\/claude-delrieu.php\">Claude Delrieu<\/a> avec qui elle cr\u00e9e (2010) un tour de chant m\u00ealant compositions et reprises (<a href=\"https:\/\/myspace.com\/libegalfrat\/music\/songs\">LEF<\/a>). Depuis une dizaine d\u2019ann\u00e9es elle s\u2019est dirig\u00e9e vers l\u2019action culturelle au sein de collectivit\u00e9 (Pamiers 09). D\u00e9but 2017 M\u00e9lodie revient au spectacle et cr\u00e9e \u00d4 Possum Cie avec Antonin, elle participe aussi \u00e0 la derni\u00e8re cr\u00e9ation de la compagnie <a href=\"http:\/\/ciemovingpeople.com\">Moving People<\/a> et se forme avec Jo Smith \u00e0 l&#8217;art de la marionnette.<\/p>\n\n\n\n<h5 class=\"wp-block-heading\">Antonin Durecu<\/h5>\n\n\n\n<figure class=\"wp-block-image\"><img loading=\"lazy\" decoding=\"async\" width=\"225\" height=\"300\" src=\"http:\/\/opossum-compagnie.fr\/wp-content\/uploads\/2019\/02\/LOgresse-Poilue-Web-67-225x300.jpg\" alt=\"\" class=\"wp-image-643\" srcset=\"https:\/\/opossum-compagnie.fr\/wp-content\/uploads\/2019\/02\/LOgresse-Poilue-Web-67-225x300.jpg 225w, https:\/\/opossum-compagnie.fr\/wp-content\/uploads\/2019\/02\/LOgresse-Poilue-Web-67-768x1024.jpg 768w\" sizes=\"(max-width: 225px) 100vw, 225px\" \/><\/figure>\n\n\n\n<p>Musicien, d\u2019abord violoniste, puis guitariste et clarinettiste, Antonin est un passionn\u00e9 du son et ne se refuse aucun instrument pourvu que \u00e7a sonne ! Issu d\u2019une famille d\u2019artistes, il a toujours \u00e9t\u00e9 \u00e0 la crois\u00e9e des arts et tr\u00e8s proche du th\u00e9\u00e2tre, car il aime habiller de sons la dramaturgie d\u2019un spectacle, intensifier l\u2019\u00e9motion par une note, un chlap, clack ou&nbsp; Boum tchak. Il est aussi charpentier et constructeur de curiosit\u00e9s en tous genres. Il suit le travail de M\u00e9lodie depuis quelques ann\u00e9es et a d\u00e9cid\u00e9 de s\u2019engager dans l\u2019aventure de cette toute nouvelle compagnie avec cette premi\u00e8re cr\u00e9ation.<\/p>\n","protected":false},"excerpt":{"rendered":"<p>L&#8217;\u00e9quipe&nbsp; M\u00e9lodie Pareau Apr\u00e8s une \u00e9cole professionnelle de th\u00e9\u00e2tre musical ( Figaro&amp;co)\u00e0 la fin des ann\u00e9e 90, M\u00e9lodie prend go\u00fbt aussi bien au chant qu\u2019au jeu, passant du th\u00e9\u00e2tre contemporain (groupe Merci), avec des textes d\u2019auteurs, aux com\u00e9dies musicales. Elle s\u2019oriente ensuite vers le spectacle jeune public ( Les p\u2019tites grill\u00e9es, Arlequin des \u00e9toiles\u2026) et &hellip; <\/p>\n<p class=\"link-more\"><a href=\"https:\/\/opossum-compagnie.fr\/index.php\/lequipe\/\" class=\"more-link\">Continue reading<span class=\"screen-reader-text\"> &#8220;L&#8217;\u00e9quipe&#8221;<\/span><\/a><\/p>\n","protected":false},"author":1,"featured_media":669,"parent":0,"menu_order":0,"comment_status":"closed","ping_status":"closed","template":"","meta":{"footnotes":""},"_links":{"self":[{"href":"https:\/\/opossum-compagnie.fr\/index.php\/wp-json\/wp\/v2\/pages\/716"}],"collection":[{"href":"https:\/\/opossum-compagnie.fr\/index.php\/wp-json\/wp\/v2\/pages"}],"about":[{"href":"https:\/\/opossum-compagnie.fr\/index.php\/wp-json\/wp\/v2\/types\/page"}],"author":[{"embeddable":true,"href":"https:\/\/opossum-compagnie.fr\/index.php\/wp-json\/wp\/v2\/users\/1"}],"replies":[{"embeddable":true,"href":"https:\/\/opossum-compagnie.fr\/index.php\/wp-json\/wp\/v2\/comments?post=716"}],"version-history":[{"count":1,"href":"https:\/\/opossum-compagnie.fr\/index.php\/wp-json\/wp\/v2\/pages\/716\/revisions"}],"predecessor-version":[{"id":718,"href":"https:\/\/opossum-compagnie.fr\/index.php\/wp-json\/wp\/v2\/pages\/716\/revisions\/718"}],"wp:featuredmedia":[{"embeddable":true,"href":"https:\/\/opossum-compagnie.fr\/index.php\/wp-json\/wp\/v2\/media\/669"}],"wp:attachment":[{"href":"https:\/\/opossum-compagnie.fr\/index.php\/wp-json\/wp\/v2\/media?parent=716"}],"curies":[{"name":"wp","href":"https:\/\/api.w.org\/{rel}","templated":true}]}}