{"id":188,"date":"2018-02-06T15:51:19","date_gmt":"2018-02-06T14:51:19","guid":{"rendered":"http:\/\/cie-opossum.yn.fr\/?page_id=188"},"modified":"2022-01-22T12:54:49","modified_gmt":"2022-01-22T11:54:49","slug":"contactenous","status":"publish","type":"page","link":"https:\/\/opossum-compagnie.fr\/index.php\/contactenous\/","title":{"rendered":"Contact"},"content":{"rendered":"<h4>Contact diffusion<\/h4>\n<p>Amparo Gallur &#8211; amparo.gallur@gmail.com -07 68 52 29 53\u00a0<\/p>\n<h4>Contact artistique et action culturelle<\/h4>\n<p>M\u00e9lodie Pareau 06 72 78 38 20 &#8211; opossum.compagnie@gmail.com<\/p>\n<h4>Adresse :<\/h4>\n<p>\u00d4 Possum Cie<br \/>Badassac<br \/>09130 Pailhes<\/p>\n<p>Ari\u00e8ge &#8211; France<\/p>\n\n\n<p><\/p>\n","protected":false},"excerpt":{"rendered":"<p>Contact diffusion Amparo Gallur &#8211; amparo.gallur@gmail.com -07 68 52 29 53\u00a0 Contact artistique et action culturelle M\u00e9lodie Pareau 06 72 78 38 20 &#8211; opossum.compagnie@gmail.com Adresse : \u00d4 Possum CieBadassac09130 Pailhes Ari\u00e8ge &#8211; France<\/p>\n","protected":false},"author":1,"featured_media":640,"parent":0,"menu_order":0,"comment_status":"closed","ping_status":"closed","template":"template-fullwidth.php","meta":{"footnotes":""},"_links":{"self":[{"href":"https:\/\/opossum-compagnie.fr\/index.php\/wp-json\/wp\/v2\/pages\/188"}],"collection":[{"href":"https:\/\/opossum-compagnie.fr\/index.php\/wp-json\/wp\/v2\/pages"}],"about":[{"href":"https:\/\/opossum-compagnie.fr\/index.php\/wp-json\/wp\/v2\/types\/page"}],"author":[{"embeddable":true,"href":"https:\/\/opossum-compagnie.fr\/index.php\/wp-json\/wp\/v2\/users\/1"}],"replies":[{"embeddable":true,"href":"https:\/\/opossum-compagnie.fr\/index.php\/wp-json\/wp\/v2\/comments?post=188"}],"version-history":[{"count":5,"href":"https:\/\/opossum-compagnie.fr\/index.php\/wp-json\/wp\/v2\/pages\/188\/revisions"}],"predecessor-version":[{"id":879,"href":"https:\/\/opossum-compagnie.fr\/index.php\/wp-json\/wp\/v2\/pages\/188\/revisions\/879"}],"wp:featuredmedia":[{"embeddable":true,"href":"https:\/\/opossum-compagnie.fr\/index.php\/wp-json\/wp\/v2\/media\/640"}],"wp:attachment":[{"href":"https:\/\/opossum-compagnie.fr\/index.php\/wp-json\/wp\/v2\/media?parent=188"}],"curies":[{"name":"wp","href":"https:\/\/api.w.org\/{rel}","templated":true}]}}